 of 167773?
3
What is the thousands digit of 766888?
6
What is the ten thousands digit of 61440?
6
What is the thousands digit of 291950?
1
What is the tens digit of 42506?
0
What is the units digit of 17329281?
1
What is the hundreds digit of 957621?
6
What is the ten thousands digit of 1776576?
7
What is the tens digit of 1850132?
3
What is the thousands digit of 958805?
8
What is the hundreds digit of 13490378?
3
What is the hundreds digit of 131733?
7
What is the hundred thousands digit of 2175845?
1
What is the ten thousands digit of 1234398?
3
What is the millions digit of 4829060?
4
What is the hundred thousands digit of 19303996?
3
What is the units digit of 285718?
8
What is the hundreds digit of 989886?
8
What is the hundred thousands digit of 610007?
6
What is the hundred thousands digit of 335782?
3
What is the thousands digit of 831777?
1
What is the hundred thousands digit of 151220?
1
What is the thousands digit of 20601808?
1
What is the tens digit of 357605?
0
What is the units digit of 394986?
6
What is the tens digit of 7413987?
8
What is the hundred thousands digit of 423544?
4
What is the ten thousands digit of 6065514?
6
What is the hundred thousands digit of 6310739?
3
What is the ten thousands digit of 627371?
2
What is the tens digit of 835900?
0
What is the hundreds digit of 814290?
2
What is the tens digit of 847674?
7
What is the tens digit of 4943166?
6
What is the tens digit of 171241?
4
What is the millions digit of 1937508?
1
What is the ten millions digit of 15048545?
1
What is the ten thousands digit of 260701?
6
What is the ten thousands digit of 118724?
1
What is the ten thousands digit of 2405884?
0
What is the hundreds digit of 3748782?
7
What is the tens digit of 12489882?
8
What is the thousands digit of 5854786?
4
What is the millions digit of 4828249?
4
What is the tens digit of 241707?
0
What is the ten thousands digit of 6780739?
8
What is the ten thousands digit of 129325?
2
What is the millions digit of 1296449?
1
What is the thousands digit of 1684508?
4
What is the thousands digit of 207611?
7
What is the hundreds digit of 372600?
6
What is the units digit of 13338032?
2
What is the thousands digit of 653648?
3
What is the hundreds digit of 3263942?
9
What is the thousands digit of 819356?
9
What is the hundred thousands digit of 10938532?
9
What is the ten thousands digit of 953244?
5
What is the ten thousands digit of 1003374?
0
What is the thousands digit of 550599?
0
What is the thousands digit of 957393?
7
What is the thousands digit of 1345937?
5
What is the ten thousands digit of 100451?
0
What is the ten thousands digit of 605092?
0
What is the ten thousands digit of 1135563?
3
What is the hundreds digit of 1419825?
8
What is the hundred thousands digit of 184110?
1
What is the units digit of 2431906?
6
What is the ten thousands digit of 16216069?
1
What is the ten thousands digit of 1162810?
6
What is the tens digit of 773858?
5
What is the tens digit of 3776339?
3
What is the hundreds digit of 1553142?
1
What is the ten thousands digit of 3106476?
0
What is the ten thousands digit of 449568?
4
What is the hundreds digit of 1854032?
0
What is the units digit of 2465639?
9
What is the hundreds digit of 668762?
7
What is the hundred thousands digit of 923106?
9
What is the units digit of 2274207?
7
What is the hundred thousands digit of 19710329?
7
What is the hundred thousands digit of 3242369?
2
What is the hundreds digit of 1235987?
9
What is the millions digit of 2736861?
2
What is the tens digit of 1971310?
1
What is the tens digit of 428925?
2
What is the ten millions digit of 10283522?
1
What is the units digit of 125410?
0
What is the tens digit of 7185905?
0
What is the millions digit of 8112474?
8
What is the tens digit of 17614716?
1
What is the tens digit of 12884310?
1
What is the thousands digit of 562366?
2
What is the ten thousands digit of 3534004?
3
What is the tens digit of 16988834?
3
What is the units digit of 5096741?
1
What is the hundreds digit of 4816503?
5
What is the thousands digit of 251370?
1
What is the thousands digit of 100316?
0
What is the thousands digit of 21649714?
9
What is the millions digit of 7843951?
7
What is the units digit of 5819718?
8
What is the tens digit of 442695?
9
What is the hundred thousands digit of 1475956?
4
What is the units digit of 746666?
6
What is the thousands digit of 6419694?
9
What is the ten thousands digit of 7991612?
9
What is the millions digit of 1207764?
1
What is the units digit of 684495?
5
What is the hundred thousands digit of 929297?
9
What is the millions digit of 1249822?
1
What is the thousands digit of 197419?
7
What is the ten thousands digit of 12819318?
1
What is the thousands digit of 2345324?
5
What is the thousands digit of 460307?
0
What is the ten thousands digit of 214862?
1
What is the ten thousands digit of 15270631?
7
What is the thousands digit of 7681468?
1
What is the hundred thousands digit of 5573478?
5
What is the tens digit of 700170?
7
What is the thousands digit of 117118?
7
What is the units digit of 3424764?
4
What is the hundreds digit of 1424879?
8
What is the hundred thousands digit of 1033683?
0
What is the hundreds digit of 225097?
0
What is the hundred thousands digit of 834857?
8
What is the hundred thousands digit of 385769?
3
What is the thousands digit of 2161255?
1
What is the units digit of 331367?
7
What is the hundred thousands digit of 2528930?
5
What is the tens digit of 6223430?
3
What is the units digit of 18111809?
9
What is the millions digit of 8778316?
8
What is the tens digit of 244313?
1
What is the hundreds digit of 302602?
6
What is the ten millions digit of 19031547?
1
What is the tens digit of 421039?
3
What is the thousands digit of 8600442?
0
What is the units digit of 82527?
7
What is the thousands digit of 363604?
3
What is the tens digit of 321483?
8
What is the ten thousands digit of 452878?
5
What is the units digit of 477602?
2
What is the ten thousands digit of 212775?
1
What is the hundred thousands digit of 328674?
3
What is the millions digit of 2893887?
2
What is the hundreds digit of 108089?
0
What is the hundred thousands digit of 129797?
1
What is the units digit of 3883804?
4
What is the units digit of 686772?
2
What is the ten thousands digit of 662423?
6
What is the thousands digit of 281630?
1
What is the ten thousands digit of 3422741?
2
What is the units digit of 5696391?
1
What is the ten thousands digit of 3333144?
3
What is the thousands digit of 1871993?
1
What is the thousands digit of 262881?
2
What is the thousands digit of 357787?
7
What is the tens digit of 311669?
6
What is the ten thousands digit of 662239?
6
What is the hundreds digit of 3542355?
3
What is the hundreds digit of 27082?
0
What is the ten thousands digit of 376596?
7
What is the hundred thousands digit of 14704995?
7
What is the millions digit of 1716517?
1
What is the ten thousands digit of 129972?
2
What is the millions digit of 13858312?
3
What is the tens digit of 16087998?
9
What is the tens digit of 22927229?
2
What is the units digit of 942912?
2
What is the hundreds digit of 624964?
9
What is the thousands digit of 1356095?
6
What is the thousands digit of 12511180?
1
What is the thousands digit of 2005249?
5
What is the millions digit of 2874111?
2
What is the ten thousands digit of 874457?
7
What is the units digit of 581453?
3
What is the tens digit of 228831?
3
What is the thousands digit of 48232?
8
What is the hundreds digit of 3552793?
7
What is the ten thousands digit of 3153348?
5
What is the hundreds digit of 154559?
5
What is the ten millions digit of 16870697?
1
What is the ten thousands digit of 7888441?
8
What is the millions digit of 2635146?
2
What is the tens digit of 181809?
0
What is the units digit of 4901263?
3
What is the hundred thousands digit of 569386?
5
What is the hundreds digit of 4866429?
4
What is the ten millions digit of 15507616?
1
What is the ten thousands digit of 3958406?
5
What is the thousands digit of 146721?
6
What is the thousands digit of 566262?
6
What is the hundred thousands digit of 3266130?
2
What is the ten thousands digit of 319765?
1
What is the ten thousands digit of 9510455?
1
What is the million